{"id":266,"date":"2021-06-09T08:24:30","date_gmt":"2021-06-09T08:24:30","guid":{"rendered":"https:\/\/archiv.fubo.ch\/?page_id=266"},"modified":"2021-06-21T10:18:00","modified_gmt":"2021-06-21T10:18:00","slug":"minusio","status":"publish","type":"page","link":"https:\/\/sicherung.fubo.ch\/?page_id=266","title":{"rendered":"Minusio"},"content":{"rendered":"\n<p>\u2026 verbl\u00fcmt. Das ins Optiwhite-Mattglas ge\u00e4tzte Blumenmuster verspr\u00fcht ein einzigartig fr\u00fchlingshaftes Ambiente in jeder Farbe \u2013 lassen Sie sich verzaubern.<\/p>\n\n\n\n<p><strong>Front<\/strong>&nbsp;Optiwhite-Mattglas mit Blumenmuster, in allen RAL und NCS-Farben<\/p>\n\n\n\n<p><strong>Korpus<\/strong>&nbsp;In allen RAL und NCS-Farben<\/p>\n\n\n\n<p><strong>Innen<\/strong>&nbsp;Weiss<\/p>\n\n\n\n<h3 class=\"wp-block-heading\">Masse<\/h3>\n\n\n\n<figure class=\"wp-block-table\"><table><tbody><tr><td><strong>H\u00f6he<\/strong><\/td><td>bis 242 cm<\/td><\/tr><tr><td><strong>Tiefe<\/strong><\/td><td>bis 60 cm<\/td><\/tr><tr><td><strong>Breite<\/strong><\/td><td>variabel<\/td><\/tr><\/tbody><\/table><\/figure>\n","protected":false},"excerpt":{"rendered":"<p>\u2026 verbl\u00fcmt. Das ins Optiwhite-Mattglas ge\u00e4tzte Blumenmuster verspr\u00fcht ein einzigartig fr\u00fchlingshaftes Ambiente in jeder Farbe \u2013 lassen Sie sich verzaubern. Front&nbsp;Optiwhite-Mattglas mit Blumenmuster, in allen RAL und NCS-Farben Korpus&nbsp;In allen RAL und NCS-Farben Innen&nbsp;Weiss Masse H\u00f6he bis 242 cm Tiefe bis 60 cm Breite variabel<\/p>\n","protected":false},"author":2,"featured_media":267,"parent":245,"menu_order":0,"comment_status":"closed","ping_status":"closed","template":"","meta":{"spay_email":"","footnotes":""},"class_list":["post-266","page","type-page","status-publish","has-post-thumbnail","hentry","latest_post"],"_links":{"self":[{"href":"https:\/\/sicherung.fubo.ch\/index.php?rest_route=\/wp\/v2\/pages\/266","targetHints":{"allow":["GET"]}}],"collection":[{"href":"https:\/\/sicherung.fubo.ch\/index.php?rest_route=\/wp\/v2\/pages"}],"about":[{"href":"https:\/\/sicherung.fubo.ch\/index.php?rest_route=\/wp\/v2\/types\/page"}],"author":[{"embeddable":true,"href":"https:\/\/sicherung.fubo.ch\/index.php?rest_route=\/wp\/v2\/users\/2"}],"replies":[{"embeddable":true,"href":"https:\/\/sicherung.fubo.ch\/index.php?rest_route=%2Fwp%2Fv2%2Fcomments&post=266"}],"version-history":[{"count":3,"href":"https:\/\/sicherung.fubo.ch\/index.php?rest_route=\/wp\/v2\/pages\/266\/revisions"}],"predecessor-version":[{"id":909,"href":"https:\/\/sicherung.fubo.ch\/index.php?rest_route=\/wp\/v2\/pages\/266\/revisions\/909"}],"up":[{"embeddable":true,"href":"https:\/\/sicherung.fubo.ch\/index.php?rest_route=\/wp\/v2\/pages\/245"}],"wp:featuredmedia":[{"embeddable":true,"href":"https:\/\/sicherung.fubo.ch\/index.php?rest_route=\/wp\/v2\/media\/267"}],"wp:attachment":[{"href":"https:\/\/sicherung.fubo.ch\/index.php?rest_route=%2Fwp%2Fv2%2Fmedia&parent=266"}],"curies":[{"name":"wp","href":"https:\/\/api.w.org\/{rel}","templated":true}]}}